= 0. Calculate l(b).
-13
Let k(y) be the third derivative of 3*y**4/8 - 5*y**3/6 + 5*y**2 + 90. Give k(2).
13
Let u(c) = c**3 - 4*c**2 - 3*c + 55. Let w be u(0). Let t(r) = 2*r**3 + 2 - 53*r**2 + w*r**2 - 6 - r. Calculate t(-3).
-37
Let r(n) = -n**2 + 9*n + 2. Let u(q) = -q**2 + 6*q + 9. Suppose -6*b + 12 = -0. Let s be 6/b + 27/9. Let l be u(s). Calculate r(l).
2
Let m(k) = -k**2 - 8*k + 11. Let h be m(-10). Let t(d) = 8*d**2 - 36*d - 23. Let g(i) = -5*i**2 + 20*i + 13. Let b(y) = -5*g(y) - 3*t(y). Give b(h).
13
Suppose 2 = 2*j + 2*v, 4 + 0 = -4*v. Let a(o) = 3*o**3 + 6*o**2 + 6*o + 8. Let u(y) = 2*y**3 + 5*y**2 + 5*y + 7. Let z(c) = -6*a(c) + 7*u(c). Calculate z(j).
-37
Let y be (20/(-110))/((-36)/198). Let d(v) = -13*v**3 + v**2 - 3*v + 1. Give d(y).
-14
Let u(x) = 6*x - 2. Let i(z) = -4*z + 1. Let b(j) = -8*i(j) - 5*u(j). Let a(l) = l**3 + 83*l**2 - 959*l - 79592. Let c be a(-83). What is b(c)?
12
Let r(q) = 63*q**3 + 8*q**2 + 6*q + 12. Let m(d) = -8*d**3 - d. Let n(x) = -8*m(x) - r(x). What is n(8)?
4
Let p(o) = 9*o**3 - 5*o**2 + 9*o + 16. Let t(z) = 14*z**3 - 7*z**2 + 14*z + 24. Let h(a) = -8*p(a) + 5*t(a). Calculate h(3).
-23
Let u = 395 + -410. Let r(f) = -f**2 - 18*f - 49. Determine r(u).
-4
Let g(p) = -p**3 - 12*p**2 - 10*p + 7. Let n = -5 + 7. Suppose 6 - 22 = -2*u. Suppose -n*k = -u*k - 66. Give g(k).
-4
Suppose -6 = -a + 2*m, 5*m - 22 - 15 = -4*a. Let b(u) = -3*u**2 + 24*u - 4. Give b(a).
-4
Let p = -415 - -419. Let z(q) be the third derivative of q**5/60 - q**4/6 - q**3/3 - 3*q**2. What is z(p)?
-2
Let m(c) = -48104*c - 48127*c + 16 + c**3 + 96186*c - 20*c**2. What is m(22)?
-6
Suppose -14 = -4*u + f, 4*f - 2 = -5*u + 26. Suppose p - 3*x - 1 = 0, -u*p - 4*x + 3*x = 22. Let i(k) = -2 - 2*k - 3 + 0*k. Determine i(p).
5
Let w(a) be the first derivative of -23*a**3/3 + a**2 - a + 2201. Let p be (3 + -3)/(-2) + 1. Determine w(p).
-22
Let p(d) be the second derivative of d**5/10 + d**4/12 - d**3/2 - d**2/2 + 10*d. Let y be -2 + 21/15 + (-49)/35. Give p(y).
-7
Let h = 4 + -6. Let s(a) = 4*a**2 - 11*a**2 - 14*a + 63 + 52 - 111 - 9*a**2. Let j(g) = 3*g**2 + 3*g - 1. Let q(v) = h*s(v) - 11*j(v). Calculate q(-4).
7
Let a(r) = 9*r + 4. Let d(s) = 3*s + 2. Let h(b) = -b**3 - 9*b**2 + 11*b + 8. Let n be h(-10). Let v(g) = n*a(g) + 5*d(g). Determine v(4).
-10
Let i(h) be the first derivative of -3*h**2 + 202*h - 5337. Give i(32).
10
Let a(v) = 1 + 1 - 9 - v**2 - 255*v + 244*v. Let z(r) = r**2 + 11*r + 5. Let f(m) = 2*a(m) + 3*z(m). What is f(-8)?
-23
Let b(k) = -k**2 - 37*k - 329. Let m be b(-16). Let j(h) = -h**2 + 7*h + 16. Give j(m).
16
Let o(b) = -2*b**2 + 50*b + 145. Let i be o(-3). Let r(x) = 16*x + 375. Calculate r(i).
7
Let k(q) = q**3 - 48*q**2 + 2*q - 91. Let j be k(48). Let u(s) = -4*s + 3 - 2 - 2*s**2 - 7 + 8*s + j. What is u(5)?
-31
Let l(k) = -2*k**2 + k - 1. Let q(w) = -12*w - 105. Let c be q(-10). Let a be 6/14 + (-90)/14. Let p be ((-2)/a)/(5/c). Calculate l(p).
-2
Suppose -3*v + 3*m = -18, 3*v = -2*m + 73 - 70. Let a(b) = -15*b**3 - 3*b - v*b - 7 - 6*b + 2*b + 5*b**2 + 16*b**3. Give a(-6).
17
Let z(t) = -t - 4. Let b(l) be the first derivative of -l**2 - 5*l + 69. Let a(h) = -2*b(h) + 3*z(h). Calculate a(7).
5
Let u(o) = -2*o**3 - 81*o**2 - 46*o - 267. Let b be u(-40). Let p(z) = 3*z + 94. Determine p(b).
13
Let b(f) = -f**2 + 2*f + 6. Suppose -42 = 215*d - 194*d. Determine b(d).
-2
Suppose -3*d - 2*d - 19 = -n, -3*d - 2*n = 1. Let m be 12/(-8)*(d + (-10)/(-6)). Let b(p) = -p**2 + 2 - m*p**3 + 5*p + p**3 + 0*p**3. Determine b(-3).
5
Let r = -122 - -124. Let z(y) = 4*y**2 - y**3 - r*y**2 + 2 - 1. Let c(q) = q + 5. Let l be c(-3). Give z(l).
1
Let r(c) = 1146 - 3400 + 1143 + 1131 + 4*c. Calculate r(-8).
-12
Let x(d) = 11. Let f(l) = -8. Let t(m) = -3*f(m) - 2*x(m). Let w(v) = 33*v + 5. Let u(y) = 2*t(y) - w(y). What is u(1)?
-34
Let b(g) = g - 5. Let n(w) = -12*w + 127. Let i(t) = 3*b(t) + n(t). Determine i(12).
4
Let z(o) be the second derivative of -20*o + 1/2*o**2 - 5 + 1/3*o**3 + 13/12*o**4. Calculate z(-1).
12
Suppose 177 = -38*k + 25. Suppose 4 = -4*q + 16. Let p(v) = 7 + 3*v - 9 + q + v**2. Give p(k).
5
Let q(z) be the first derivative of 0*z - 5/2*z**4 - 17 + 0*z**2 - 1/3*z**3. What is q(1)?
-11
Let k(h) be the first derivative of -3/2*h**2 + 138 - h - 1/3*h**3. What is k(-4)?
-5
Let o(g) = 12*g + 9 + 25*g**2 - 38*g**2 + 15*g**2. Let f be o(-4). Let i(q) = q**2 + 9*q + 5. Determine i(f).
-9
Let w(z) = 5*z - 25. Suppose 0 = m - 11*q - 3*q + 35, -3*m - 5*q - 11 = 0. Determine w(m).
-60
Let g(j) = -15*j + 62. Suppose 41*h - 4 = -3*c + 43*h, 16 = -2*c + 6*h. Give g(c).
2
Let f(d) be the second derivative of d**3/6 + 5*d**2/2 + d. Let k(l) = l**2 - 2117*l + 6336. Let y be k(3). What is f(y)?
-1
Let m be ((-6)/10*(-12)/(-9))/((-504)/(-3780)). Let p(l) = 4*l**2 + 25*l - 11. Calculate p(m).
-17
Let u(k) = -5*k**2 + 8*k + 12. Let a(p) = -9*p**2 + 14*p + 23. Let w(q) = 3*a(q) - 5*u(q). What is w(5)?
-31
Let i = -10 - -12. Let r(n) = 95 - n + 3*n**3 - i*n**2 - 2*n - 93 - 2*n**3. Determine r(2).
-4
Let p(c) = -c**2 - 5*c - 5. Let u = -98 - -52. Let o = u - -50. Let d be 7*(2 + (-11 - 1)/o). Determine p(d).
-19
Let z(l) be the first derivative of 5*l**2 - 7*l - 4. Let b be z(1). Let h(x) be the second derivative of x**4/12 - x**3/3 - 3*x**2/2 - 29*x. Calculate h(b).
0
Suppose -k = a - 3, 4*k = -a + 8 + 1. Let i(y) = y**3 - 3*y**2 + 3*y - 5. What is i(k)?
-3
Let b(c) = 10*c + 23. Let u be b(-8). Let x = 89 + u. Let z(j) = -4*j**2 + 1 + 0*j**3 + 36*j - x*j + 2*j**3 - j**3. What is z(3)?
4
Let h be (-90)/(-48) + (66/48)/11. Suppose o = -h*i + 1, -22 = -10*i + 11*i + 5*o. Let k(c) = 6*c - 12. Give k(i).
6
Let y = 5 - 18. Let p = -9 - y. Let l(t) = 7 - t**3 + 6*t**2 - t**2 + 4*t - 2 - 3*t**2. Give l(p).
-11
Let r(m) be the first derivative of m**3/3 - 17*m**2/2 - 4*m - 3678. Calculate r(14).
-46
Let h(u) be the second derivative of u**6/120 - u**5/10 - u**4/24 - u**3/6 + 65*u**2/2 - 49*u. Let f(i) be the first derivative of h(i). What is f(6)?
-7
Let s = -18524 + 18514. Let i(r) = -2*r**2 - 13*r - 11. Give i(s).
-81
Let v(u) = u + 2. Let j(f) = 5*f**3 - 2*f**2 - 3*f - 6. Let s be j(-3). Let t be (-9)/36 + (s/8)/(-3). Give v(t).
8
Let a(u) = -3*u**2 - 2*u + 11. Let z be -1*(-2 - (-111)/15) - 4/(-10). Calculate a(z).
-54
Let i(r) = -17*r - 20. Suppose -5*z = -4*z + 2*z, -3*w + z = 18. What is i(w)?
82
Let q(r) = 126*r + 1533. Let g be q(-12). Let h(v) = -v**2 + 22*v - 3. Calculate h(g).
18
Let v(j) = j**3 + 15*j**2 - 20*j + 10. Let h be 10/(3/2 + -2)*(-1444)/(-1805). Give v(h).
74
Let g(n) be the second derivative of -144*n + 0 - 2/3*n**4 - 1/2*n**2 - 1/6*n**3. Give g(-1).
-8
Let r(l) = -5*l - 19*l**2 - 20 - 36*l + l**3 + 45 - 25. Determine r(21).
21
Let y(n) be the third derivative of -n**5/30 + n**4/8 - n**3/2 - 67*n**2 - 16. Suppose 7*b - 4*b = 6. Calculate y(b).
-5
Let p(c) be the first derivative of c + 29 + 0*c**2 + 1/4*c**4 + 1/3*c**3. What is p(2)?
13
Let b(d) = -d**3 - 19*d**2 + 4. Suppose 136*j - 7309 = 543*j + 424. Give b(j).
4
Let o(y) = y**2 + 10*y + 3. Let d be o(-10). Suppose p = -d + 7. Let q(l) = 3 - 7 - 1 + 2*l. Determine q(p).
3
Let c(t) = 2*t**2 - 6*t - 4. Suppose 5*l = -5*x - 10, 2*l + x = 6*l - 22. Calculate c(l).
4
Let r(k) = 14*k + 267. Let g be r(-19). Let w(c) = -49*c**2 - 3*c + 1. Give w(g).
-51
Let q be 7*1 - (0 - -1). Let l(m) be the first derivative of 7*m**2/2 - 7*m - 18152. Calculate l(q).
35
Let j(b) = 11*b + 1572. Let o(x) = -3*x - 531. Let f(i) = 6*j(i) + 17*o(i). Determine f(-28).
-15
Let z(p) = 295 + 18*p + 15*p - 295 - 5*p. What is z(-1)?
-28
Let u(f) = -9*f + 66*f + 10 - 4*f - 43*f - f**2. Calculate u(-1).
-1
Let q(u) = -u**2 + u + 5. Suppose -7*m + 5 = -8*m. Let n be 35/m - -3 - -8. What is q(n)?
-7
Let a(y) = 3*y + 30. Let l be (4/5)/((-14)/140). Give a(l).
6
Let y be ((-8)/6)/((-9)/(-54)*4). Let n(j) = -6*j**2 + 3*j - 4. What is n(y)?
-34
Let x be 8/(-6)*(1 - -2). Let k be (-5)/(7/(-14)*x/(-2)). Suppose k*d + d = 30. Let h(c) = c**3 - 4*c**2 - 3*c - 1. Give h(d).
9
Suppose a = -5*h - 0*a - 51, 59 = -5*h + a. Let o = h - -4. Let w(l) = -l**2 - 7*l - 1. Give w(o).
-1
Let t(s) = -s + 183. Let g(u) = 120. Let c(w) = 11*g(w) - 7*t(w). Determine c(-4).
11
Let y be (-2 - -6)*(6 - 11 - -6). Let n(u) = 